{"id":501,"date":"2026-02-26T20:57:28","date_gmt":"2026-02-26T19:57:28","guid":{"rendered":"https:\/\/cool-khayyam.scw.site\/?page_id=501"},"modified":"2026-02-26T21:00:40","modified_gmt":"2026-02-26T20:00:40","slug":"contact","status":"publish","type":"page","link":"https:\/\/thekhip.com\/?page_id=501","title":{"rendered":"Contact"},"content":{"rendered":"\t\t<div data-elementor-type=\"wp-page\" data-elementor-id=\"501\" class=\"elementor elementor-501\">\n\t\t\t\t<div class=\"elementor-element elementor-element-204aa8d e-con-full e-flex e-con e-parent\" data-id=\"204aa8d\" data-element_type=\"container\" data-e-type=\"container\">\n\t\t<div class=\"elementor-element elementor-element-c27ab6d e-con-full e-flex e-con e-child\" data-id=\"c27ab6d\" data-element_type=\"container\" data-e-type=\"container\">\n\t\t<div class=\"elementor-element elementor-element-e755d56 e-con-full e-flex e-con e-child\" data-id=\"e755d56\" data-element_type=\"container\" data-e-type=\"container\" data-settings=\"{&quot;background_background&quot;:&quot;classic&quot;}\">\n\t\t\t\t<\/div>\n\t\t<div class=\"elementor-element elementor-element-9540916 e-con-full e-flex e-con e-child\" data-id=\"9540916\" data-element_type=\"container\" data-e-type=\"container\" data-settings=\"{&quot;background_background&quot;:&quot;classic&quot;}\">\n\t\t\t\t<div class=\"elementor-element elementor-element-970aee1 elementor-widget elementor-widget-heading\" data-id=\"970aee1\" data-element_type=\"widget\" data-e-type=\"widget\" data-widget_type=\"heading.default\">\n\t\t\t\t\t<div class=\"elementor-heading-title elementor-size-default\">Apprentissages &amp; Autonomies de Savoir-Faire Relationnels<\/div>\t\t\t\t<\/div>\n\t\t\t\t<\/div>\n\t\t\t\t<\/div>\n\t\t<div class=\"elementor-element elementor-element-adeea79 e-flex e-con-boxed e-con e-child\" data-id=\"adeea79\" data-element_type=\"container\" data-e-type=\"container\">\n\t\t\t\t\t<div class=\"e-con-inner\">\n\t\t\t\t<div class=\"elementor-element elementor-element-4e9d689 elementor-widget elementor-widget-heading\" data-id=\"4e9d689\" data-element_type=\"widget\" data-e-type=\"widget\" data-widget_type=\"heading.default\">\n\t\t\t\t\t<h1 class=\"elementor-heading-title elementor-size-default\">Nous contacter<\/h1>\t\t\t\t<\/div>\n\t\t\t\t<div class=\"elementor-element elementor-element-ab1839d elementor-widget elementor-widget-text-editor\" data-id=\"ab1839d\" data-element_type=\"widget\" data-e-type=\"widget\" data-widget_type=\"text-editor.default\">\n\t\t\t\t\t\t\t\t\t<div id=\"comp-m7suonns\" class=\"ku3DBC zQ9jDz qvSjx3 Vq6kJx comp-m7suonns wixui-rich-text\" data-testid=\"richTextElement\"><p class=\"font_7 wixui-rich-text__text\">Pour r\u00e9server une consultation priv\u00e9e, un stage ou pour plus d&rsquo;informations, contactez nous.<\/p><\/div>\t\t\t\t\t\t\t\t<\/div>\n\t\t\t\t<div class=\"elementor-element elementor-element-d748bad elementor-widget elementor-widget-text-editor\" data-id=\"d748bad\" data-element_type=\"widget\" data-e-type=\"widget\" data-widget_type=\"text-editor.default\">\n\t\t\t\t\t\t\t\t\t<div id=\"comp-m7suonns\" class=\"ku3DBC zQ9jDz qvSjx3 Vq6kJx comp-m7suonns wixui-rich-text\" data-testid=\"richTextElement\"><p><strong>T\u00e9l\u00e9phone : <\/strong>07 81 55 82 89<\/p><p>\u00a0<\/p><p><strong>E-mail : <\/strong>entrainementneurologique@gmail.com<\/p><\/div>\t\t\t\t\t\t\t\t<\/div>\n\t\t\t\t\t<\/div>\n\t\t\t\t<\/div>\n\t\t\t\t<\/div>\n\t\t\t\t<\/div>\n\t\t","protected":false},"excerpt":{"rendered":"<p>Apprentissages &amp; Autonomies de Savoir-Faire Relationnels Nous contacter Pour r\u00e9server une consultation priv\u00e9e, un stage ou pour plus d&rsquo;informations, contactez nous. T\u00e9l\u00e9phone : 07 81 55 82 89 \u00a0 E-mail : entrainementneurologique@gmail.com<\/p>\n","protected":false},"author":1,"featured_media":0,"parent":0,"menu_order":0,"comment_status":"closed","ping_status":"closed","template":"","meta":{"footnotes":""},"class_list":["post-501","page","type-page","status-publish","hentry"],"_links":{"self":[{"href":"https:\/\/thekhip.com\/index.php?rest_route=\/wp\/v2\/pages\/501","targetHints":{"allow":["GET"]}}],"collection":[{"href":"https:\/\/thekhip.com\/index.php?rest_route=\/wp\/v2\/pages"}],"about":[{"href":"https:\/\/thekhip.com\/index.php?rest_route=\/wp\/v2\/types\/page"}],"author":[{"embeddable":true,"href":"https:\/\/thekhip.com\/index.php?rest_route=\/wp\/v2\/users\/1"}],"replies":[{"embeddable":true,"href":"https:\/\/thekhip.com\/index.php?rest_route=%2Fwp%2Fv2%2Fcomments&post=501"}],"version-history":[{"count":4,"href":"https:\/\/thekhip.com\/index.php?rest_route=\/wp\/v2\/pages\/501\/revisions"}],"predecessor-version":[{"id":505,"href":"https:\/\/thekhip.com\/index.php?rest_route=\/wp\/v2\/pages\/501\/revisions\/505"}],"wp:attachment":[{"href":"https:\/\/thekhip.com\/index.php?rest_route=%2Fwp%2Fv2%2Fmedia&parent=501"}],"curies":[{"name":"wp","href":"https:\/\/api.w.org\/{rel}","templated":true}]}}